*p + 344260. Calculate k(-60).
-20
Let t(d) = 2183*d + 89488. Determine t(-41).
-15
Let i(u) = -u**3 - 2*u**2 - 24*u - 57. Calculate i(-2).
-9
Let t(f) = 6*f**3 - 29*f**2 - 9*f + 25. What is t(5)?
5
Let v(x) = -43384*x + 3514102. Calculate v(81).
-2
Let p(s) = -136*s - 4683. What is p(-40)?
757
Let i(m) = 3*m**2 + 449*m - 33188. What is i(-204)?
64
Let x(p) = 1426*p - 86986. What is x(61)?
0
Let j(k) = -41*k**2 + 6524*k - 32621. Give j(5).
-1026
Let a(i) = -25739*i + 103595. Give a(4).
639
Let v(t) = t**2 + 28803*t + 133. Determine v(0).
133
Let w(o) = 3030*o + 1175640. Determine w(-388).
0
Let h(d) = 5*d**2 - 15*d - 20127. Give h(-62).
23
Let r(l) = -8*l**3 - 6*l**2 - 1957*l - 1948. Determine r(-1).
11
Let z(j) = -948*j - 361. Determine z(-1).
587
Let h(g) = g**2 - 553*g + 22828. Determine h(45).
-32
Let s(y) = -1297*y + 180383. Give s(139).
100
Let n(x) = -x**3 + 5*x**2 + 155*x - 1044. Determine n(7).
-57
Let q(l) = -l**3 - 1115*l**2 - 74187*l - 4474. Determine q(-71).
-1
Let c(v) = -15*v**2 + 167*v - 1210. What is c(9)?
-922
Let z(o) = -5*o**2 - 52*o + 6375. What is z(31)?
-42
Let r(d) = -5213*d - 114692. Calculate r(-22).
-6
Let c(p) = 13*p**3 + 2653*p**2 + 238*p + 6977. What is c(-204)?
41
Let j(c) = -2*c**2 - 304*c + 11892. Determine j(32).
116
Let r(k) = 1974*k + 248725. Give r(-126).
1
Let c(y) = -y**3 - 180*y**2 + 550*y + 90. What is c(0)?
90
Let a(i) = 3*i**2 - 86450*i + 518591. What is a(6)?
-1
Let b(g) = -8694*g + 17567. Give b(2).
179
Let t(u) = -1404*u + 116511. What is t(83)?
-21
Let g(u) = -u**3 - 31*u**2 + 172*u + 1112. Calculate g(-35).
-8
Let o(v) = -2*v**3 + 107*v**2 - 432*v - 8407. What is o(47)?
6
Let r(m) = 167*m - 11866. What is r(55)?
-2681
Let r(o) = o**2 - 614*o - 117359. Calculate r(-153).
-8
Let f(b) = 43*b**2 - 740*b + 2968. What is f(4)?
696
Let a(w) = w**3 - 42*w**2 + 545*w - 20665. Calculate a(41).
-1
Let w(o) = 13*o**3 + 514*o**2 + 2063*o - 86. What is w(-35)?
-16
Let v(l) = 800*l + 102302. Determine v(-130).
-1698
Let w(r) = -3*r**2 - 367*r + 22. Give w(0).
22
Let q(j) = -5*j**3 - 139*j**2 - 215*j + 466. Calculate q(-26).
-28
Let j(i) = i**3 + 292*i**2 - 1192*i - 177559. Determine j(-294).
17
Let j(c) = 19*c**2 + 971*c + 2905. What is j(-3)?
163
Let x(d) = -d**2 + 19*d + 1660. Determine x(-39).
-602
Let x(j) = j**2 + 95460*j - 4011103. Determine x(42).
-19
Let d(b) = b**3 - 32*b**2 - 25*b + 2729. Calculate d(30).
179
Let m(w) = -11303*w + 339096. Calculate m(30).
6
Let k(f) = -f**2 - 408*f - 3668. What is k(-9)?
-77
Let a(k) = 2*k**3 - 2*k**2 - 2057*k - 12510. What is a(-6)?
-672
Let c(l) = -l**3 + 28*l**2 - 32*l + 5120. Calculate c(32).
0
Let f(n) = 4*n**3 + 425*n**2 - 303*n - 5. What is f(-107)?
-1931
Let o(k) = 9*k**2 + 1560*k + 18400. Determine o(-12).
976
Let l(f) = -f**3 - 18*f**2 + 53*f - 47. What is l(-10)?
-1377
Let b(u) = -3*u**2 - 33*u - 392. Determine b(-7).
-308
Let t(n) = 3*n**3 + 146*n**2 + 409*n - 35. Determine t(-3).
-29
Let g(m) = 924*m - 1795. Calculate g(2).
53
Let t(m) = -11*m**2 - 17*m + 159. Give t(-10).
-771
Let p(s) = -130*s**2 - 79*s + 773. Give p(-3).
-160
Let y(j) = -j**3 - 32*j**2 - 150*j - 9. Give y(-6).
-45
Let h(f) = f**3 - 7*f**2 - 888*f + 6168. Calculate h(7).
-48
Let s(u) = 2*u**2 - 971*u - 20235. Give s(-20).
-15
Let x(d) = -d**2 - 4576*d - 386180. Calculate x(-86).
-40
Let d(r) = -2*r**3 - 49*r**2 - 118*r - 1118. What is d(-23)?
9
Let o(h) = -318*h**2 - 72507*h - 64. What is o(-228)?
620
Let v(d) = 385*d**2 + 194816*d + 3106. Determine v(-506).
70
Let j(u) = -u**3 + 28*u**2 - 63*u - 108. Calculate j(24).
684
Let f(w) = -12973*w + 298777. Determine f(23).
398
Let l(f) = f**3 - 83*f**2 + 138*f - 4584. Determine l(82).
8
Let d(p) = -p**3 - 5*p**2 + 12528*p + 50118. What is d(-4)?
-10
Let q(a) = -41985*a + 336101. Give q(8).
221
Let u(c) = -3*c**3 - 119*c**2 + 301*c + 10475. Determine u(-40).
35
Let d(z) = -523*z**3 - 1051*z**2 - 8*z + 3. What is d(-2)?
-1
Let b(a) = -27*a**3 - 1000*a**2 - 69*a - 1226. Calculate b(-37).
-42
Let k(v) = 3*v**2 - 38241*v + 458462. Give k(12).
2
Let y(m) = 3*m**2 + 143137*m - 4153510. Determine y(29).
-14
Let a(q) = q**2 - 121*q + 2214. What is a(99)?
36
Let i(c) = -c**3 - 5018*c**2 - 30068*c + 17. Calculate i(-6).
-7
Let r(k) = 12*k**3 + 533*k**2 + 224*k + 175. Give r(-44).
-1
Let x(n) = -5*n**2 + 460*n - 2504. What is x(6)?
76
Let k(h) = h**3 - 89*h**2 + 261*h - 366. Calculate k(86).
-108
Let a(z) = -100*z**3 + 6*z**2 + 38*z + 50. What is a(-2)?
798
Let i(q) = q**3 + 18*q**2 - 2182*q + 71. Determine i(38).
-1981
Let l(w) = -315*w + 43180. Determine l(136).
340
Let t(y) = -y**2 + 178*y + 8308. Determine t(220).
-932
Let f(o) = -o**3 + 77*o**2 + 93*o - 2639. Calculate f(78).
-1469
Let l(w) = -4082*w - 644951. Give l(-158).
5
Let o(j) = -j**3 + 106*j**2 - 102*j - 295. What is o(105)?
20
Let q(m) = 5*m**3 + 231*m**2 + 30*m - 245. What is q(-46)?
491
Let s(x) = -159*x - 16056. Determine s(-101).
3
Let g(q) = -19*q + 320. Determine g(25).
-155
Let o(q) = -q**3 - 203*q**2 - 3143*q + 3584. Give o(-186).
50
Let r(w) = 112*w + 6445. Give r(-66).
-947
Let y(k) = k**3 - 143*k**2 + 24*k - 24150. What is y(144)?
42
Let a(t) = -290*t - 26851. What is a(-93)?
119
Let s(r) = r**2 + 42*r - 1891. What is s(-88)?
2157
Let z(v) = -39*v**2 + 5*v - 24. Calculate z(-2).
-190
Let g(a) = 2176*a + 171893. What is g(-79)?
-11
Let m(r) = 408*r**3 - 4894*r**2 - 16*r - 93. Give m(12).
3
Let h(w) = -28*w + 2665. Give h(91).
117
Let r(m) = 2*m**3 + 186*m**2 + 3573*m + 282. Determine r(-27).
39
Let l(q) = -8914*q + 18270. Calculate l(2).
442
Let a(j) = 8*j**2 + 2845*j + 11362. Give a(-4).
110
Let j(s) = -3827*s**2 + 505162*s + 260. Calculate j(132).
-4
Let a(h) = 33*h**3 - 34*h**2 + 2*h - 2. Determine a(4).
1574
Let t(z) = 51*z**2 - 1314*z - 1699. Calculate t(27).
2
Let r(u) = -140542*u + 1827031. Give r(13).
-15
Let f(b) = 4*b**2 + 27*b - 170. Give f(-20).
890
Let z(h) = 167548*h + 167554. What is z(-1)?
6
Let o(h) = -2*h**2 + 18262*h - 127742. Give o(7).
-6
Let n(b) = b**2 + 69*b + 2320. What is n(-57)?
1636
Let c(q) = -45*q**2 + 3*q - 36. Determine c(0).
-36
Let q(y) = 885*y**3 + 2*y**2 + 59*y + 56. What is q(-1)?
-886
Let k(l) = 13*l**3 + 16*l**2 - 80*l - 32. Calculate k(4).
736
Let o(y) = -3*y**2 + 336*y + 2517. Give o(-7).
18
Let n(v) = v**3 - 543*v**2 - 35510*v - 4783. Give n(602).
33
Let c(x) = x**2 + 112*x + 2961. Calculate c(-69).
-6
Let i(l) = -l**3 - 658*l**2 + 2682*l - 85. Calculate i(4).
51
Let i(u) = 31973*u + 24. What is i(0)?
24
Let n(v) = 78*v**2 + 176*v + 170. Give n(-1).
72
Let u(p) = 2*p**2 + 547*p - 36530. Determine u(-329).
-11
Let f(b) = 499*b**2 - 776*b - 2336. Determine f(-3).
4483
Let r(o) = -11*o**2 - 442*o - 1556. What is r(-7)?
999
Let q(u) = -u**3 - 6*u**2 + 169*u - 705. Determine q(4).
-189
Let z(h) = -42803*h - 856059. What is z(-20)?
1
Let j(o) = -o**2 - 1065*o + 25030. What is j(23)?
6
Let j(h) = -h**3 + 614*h**2 - 3807*h + 96643. Give j(608).
-29
Let u(q) = -2*q**2 - 63*q - 47. Calculate u(-21).
394
Let j(n) = 3555*n + 451464. Calculate j(-127).
-21
Let u(k) = -k**3 - 84*k**2 - 11*k + 4320. What is u(-83)?
-1656
Let t(b) = -1144*b - 14978. What is t(-13)?
-106
Let d(m) = -m**3 + 36*m**2 - 125*m - 922. Give d(31).
8
Let t(g) = -44*g**3 - 33*g**2 - 65*g - 2. What is t(-2)?
348
Let u(l) = 18*l**2 + 441*l + 1851. Give u(-19).
-30
Let w(o) = 2*o**3 - 21*o**2 - 77*o + 5. Determine w(13).
-151
Let t(b) = -49406*b - 295940. What is t(-6)?
496
Let j(r) = -41*r**3 + 245*r**2 - 168*r + 1030. Calculate j(6).
-14
Let f(v) = 5*v**2 + 2847*v + 61221. What is f(-547)?
-43
Let b(c) = c**2 - 10398*c - 2303464. What is b(-217)?
-9
Let m(c) = 3*c**3 - 694*c**2 + 258*c - 6151. What is m(231)?
86
Let i(p) = -16*p**3 - 4128*p**2 + 143*p + 36906. What is i(-258)?
12
Let z(u) = u**3 + 260*u**2 - 1871*u + 1179. Calculate z(-267).
1713
Let i(g) = g**2 - 83*g - 405. What is i(69)?
-1371
Let h(n) = n**2 - 879*n - 516414. What is h(-403)?
232
Let i(a) = 106*a**2 - 69*a + 10. Give i(-2).
572
Let l(z) = -77723*z + 1165852. Determine l(15).
7
Let l(b) = 2*b**3 + 111*b**2 + 1280*b - 7527. Calculate l(-30).
-27
Let n(u) = 64*u**3 - 483*u**2 + 820*u - 25. Determine n(5).
0
Let f(z) = -176668*z - 2826678. What is f(-16)?
10
Let c(v) = -v**3 - 117*v**2 - 3036*v + 222. Give c(